 30450. Calculate the highest common factor of 6806 and a.
82
Let q = -43 + 55. Suppose -3*j = j - z - 1, 0 = j - z - 1. Suppose 7*o - 2*o - 1020 = j. Calculate the highest common factor of q and o.
12
Suppose -3*j = -0*j - 69. Let c(v) = 64*v - 45. Let g be c(6). Let l = -293 + g. What is the greatest common divisor of j and l?
23
Suppose -2*f + 6*f - 3*t = 0, 2*f - 18 = -3*t. Suppose -f*l = -i + 27, -5*i - 5*l = -95 - 100. Calculate the greatest common factor of i and 27.
9
Let f be (-3)/15*1*(-10 - -5). Suppose f + 296 = 9*x. What is the highest common factor of x and 264?
33
Suppose 0 = -j - 3*j + 108. Let k = -48287 - -48584. What is the highest common divisor of j and k?
27
Suppose 2*j = -0*j + 72. Let k(q) = -2*q**2 + 296*q - 954. Let x be k(144). Calculate the highest common divisor of x and j.
18
Let o be (-36920)/(-420) - (-4)/42. Calculate the highest common factor of o and 16.
8
Let d(a) = a**3 + 31*a**2 + 17*a - 325. Let p be d(-25). What is the greatest common divisor of 48 and p?
24
Suppose -8*h - 20 = -13*h. Let s be ((-2 - -2) + h)*(-338)/(-8). What is the highest common divisor of 13 and s?
13
Suppose 5 + 13 = -9*w. Let f be 45 - w/4*0/13. What is the greatest common divisor of f and 75?
15
Suppose 200 = 5*m - 5*o, -m - 1119*o + 40 = -1121*o. Calculate the greatest common divisor of 1864 and m.
8
Let j(i) = 0 + 6*i - 4 - 3 + 3. Let y be j(12). Suppose 44*z - 1206 = 290. What is the greatest common factor of z and y?
34
Suppose -3*m + 4244 - 1899 = -r, 8*m + 2*r = 6286. Suppose 4*t + 2*b + 44 = 118, -4*t + b + 59 = 0. Calculate the highest common factor of t and m.
16
Let z(t) = -t**3 + 11*t**2 + 12*t + 3. Suppose -4*q - 5*q + 108 = 0. Let b be z(q). What is the highest common factor of 1 and b?
1
Suppose 328 = -6*a + 7*a. Let b = a - 304. Let j be 24 + 0 - 0/(-1). What is the greatest common divisor of b and j?
24
Let i be (30/(-18))/(-1 - 12/(-27)). Suppose -750 = -5*y + i*o, o - 300 = -2*y + 4*o. What is the highest common factor of 75 and y?
75
Suppose 0*f = -2*f + 20. Suppose -95*o + 100*o = -11*u + 42, 3*o - 4*u - 57 = 0. Calculate the highest common divisor of o and f.
5
Suppose 4*i - 27441 = -4*i + 21039. What is the greatest common divisor of i and 120?
60
Suppose 33 - 49 = -2*y. Let g(i) = y*i - 16 + 10*i + 16. Let r be g(1). What is the greatest common factor of r and 27?
9
Let s = 15 + 1. Let z(t) = 66*t - 53. Let m(w) = 22*w - 18. Let r(f) = 17*m(f) - 6*z(f). Let o be r(-6). What is the greatest common divisor of o and s?
16
Suppose 3*l - 45 = -4*t, 0 = -108*t + 110*t - 6. What is the greatest common divisor of l and 2453?
11
Suppose 4*x = -34 + 202. Suppose 4*a - 38 = -5*m, -4*a + 2*m + x = 5*m. Let s(w) = -109*w - 1. Let f be s(-1). Calculate the highest common factor of a and f.
12
Let g be 0 + -1 - (359 - 402). What is the highest common factor of 354 and g?
6
Let z be 20/36 - 8/(-18). Let t be (-224)/(-14) + (-1 - z). What is the greatest common divisor of 7 and t?
7
Let q = -6530 + 6860. Let v = 2 + 64. What is the highest common divisor of q and v?
66
Let r(a) = 181*a + 742. Let f be r(-4). Let d(y) = -82*y - 3. Let s be d(-3). What is the greatest common divisor of s and f?
9
Suppose 37638 - 137145 = -123*s. What is the greatest common factor of 2 and s?
1
Suppose 8*q + 249*k - 252*k - 134 = 0, 0 = -5*q - k + 55. Let i(l) = 5*l**3 - 5*l**2 + l + 4. Let w be i(6). Calculate the greatest common divisor of w and q.
13
Suppose -5526 = -50*l + 49934 + 2640. What is the greatest common factor of 14 and l?
14
Let m = -494 + 467. Let s be -1*(2 + 0) - -1. Let g be (m + 22)*(s + (-7)/5). What is the greatest common divisor of g and 108?
12
Suppose -y - 15 = f - 4*f, 5*y = 4*f - 9. Suppose -f*h + 134 + 1120 = 0. Calculate the highest common factor of h and 11.
11
Let h be ((-280)/1400)/(1772/(-1770) + 1). Calculate the greatest common factor of h and 1239.
177
Suppose -22009 = -2*n + 4*u - 4321, -4*n + 3*u = -35411. What is the greatest common divisor of n and 86?
86
Let g be 1 + (-271)/(0 - 1). Suppose t - 2482 + 2278 = -3*h, h - 3*t = 68. What is the highest common factor of h and g?
68
Let a = -215 + 267. Suppose 2*h + 998 = 4*i, 4*h = 4*i + a - 1040. Calculate the highest common divisor of i and 9.
9
Suppose -4*w - 30 = w - 4*i, -2*w - 3*i + 11 = 0. Let n be (11/w + -2)*(-58)/87. Calculate the highest common factor of 135 and n.
5
Let o be 1 - 39/33 - 101/(-11). Suppose -o*g + 165 = 2*g. Calculate the highest common divisor of g and 75.
15
Suppose -22 = -3*s - 7. Let v = 269 + -259. Let k be 219/(-45) + v + 4/(-30). What is the greatest common factor of k and s?
5
Suppose 4*t - 99*h - 408 = -103*h, 0 = -2*t + 6*h + 260. What is the highest common divisor of 22563 and t?
109
Suppose -17 = -b + 4*h, -251*h + 1 = -3*b - 252*h. Calculate the highest common factor of 266 and b.
1
Let v be 104776/20 - (3/(-15) + -1). Calculate the highest common factor of 40 and v.
40
Suppose -27*t = 51*t - 505206. What is the greatest common divisor of 51 and t?
51
Suppose 117*z = 122*z - 40. Let x(m) = 7*m - 38. Let n be x(z). Calculate the greatest common factor of n and 72.
18
Suppose -79*a + 5390 = -91*a + 21914. Calculate the greatest common divisor of a and 243.
81
Let h(j) = 2*j**3 + 23*j**2 + 22*j + 429. Let u be h(-12). Let d = 752 - 332. Calculate the highest common divisor of u and d.
21
Let s be ((-4012)/(-119) - 2/(-7))*(14 + -7). Calculate the highest common factor of 140 and s.
14
Let q be (-72)/210*10*-21. What is the greatest common factor of q and 200?
8
Suppose -29018 = -5*t + 11677. Suppose -26*r + 1013 = -t. What is the highest common divisor of 11 and r?
11
Let h be 135/(-6)*(-9796)/279. What is the highest common factor of 130 and h?
10
Let x be (2 - 1)/(7/42). Let f(q) = -q**3 + 9*q**2 + 5*q + 16. Let a be f(x). What is the highest common divisor of 28 and a?
14
Let f = -2186 - -2462. Calculate the greatest common factor of f and 5382.
138
Let l(n) = 68*n - 276. Let f = -244 - -251. Let a be l(f). What is the greatest common divisor of a and 16?
8
Let n = -48 - -54. Suppose -279 = -n*y - 237. Calculate the greatest common divisor of y and 7.
7
Let r be (-1 - -6) + (42/(-3) - -6). Let w be (-4 + (-504)/(-27))*r/(-2). What is the greatest common factor of 286 and w?
22
Suppose -134*s + 6*p = -136*s + 3384, p = -5*s + 8460. Calculate the greatest common divisor of 108 and s.
36
Let a(y) = 3*y**2 - 111*y - 123. Let u be a(39). Calculate the highest common divisor of 3145 and u.
37
Let w = -47 + 39. Let a(z) = 4*z**2 + 4*z - 14. Let y be a(w). Suppose 0 = 4*x - 107 - 61. Calculate the greatest common factor of x and y.
42
Let u be (-3)/(4/(3 - 15)). Suppose 146 = -2*x - 0*x. Let w = -46 - x. What is the highest common factor of w and u?
9
Suppose -2*t - 4*u = -7*t + 336, -3*t + 203 = -u. Calculate the highest common factor of 1479 and t.
17
Suppose -10*f = -19*f + 12150. Suppose -f = 18*w - 23*w. Calculate the greatest common factor of 20 and w.
10
Let s = 87 - 99. Let q(h) = h**3 + 12*h**2 + 15. Let u be q(s). Let w(d) = 35*d**2 - 4*d + 3. Let m be w(2). Calculate the greatest common factor of u and m.
15
Let b be 565/3 - (-5 + (-128)/(-24)). Suppose -10*k + 1242 + b = 0. Suppose 12*l = 647 - k. Calculate the greatest common factor of 28 and l.
14
Let f = 15 + -6. Suppose -5*m + 2*c + 1661 = 0, 11*m - 1101 = -5*c + 2572. What is the highest common factor of m and f?
9
Suppose 7*x - 32 + 11 = 0. Suppose -41 + 11 = 10*u. Let r be 6/u*(-2)/(4/1). Calculate the highest common divisor of r and x.
1
Suppose 2*k + 370 = 3*d, 0 = 5*k + 64 - 84. Calculate the greatest common divisor of 1980 and d.
18
Suppose -4*c - 324 = -5*k, 0 = 7*c - 9*c + 8. Suppose 3*a = 5*n - 73 - k, 0 = -4*n - 5*a + 135. What is the highest common divisor of 210 and n?
30
Suppose -32*h + 37*h = 1205. Let o = 245 - h. What is the greatest common divisor of 1 and o?
1
Let c be (40/(-180))/((-2)/65) + (-2)/9. What is the highest common divisor of 131 and c?
1
Suppose -3*f - f = 0, 2*f = 3*g - 270. Let d(b) = 4*b**2 + 186*b - 1468. Let o be d(7). Calculate the greatest common factor of o and g.
30
Let z(n) = -2*n**3 - 16*n**2 - 16*n + 1. Let x be z(-8). What is the highest common factor of x and 3?
3
Suppose 5*d = -10*q + 6*q + 455, 5*q - 3*d = 578